me number?
True
Suppose 3*h - 4*j = 4*h + 10, 2*h - 16 = 4*j. Let g be (0 + h)/(4/(-6)). Is (158/g)/(2/(-3)) a composite number?
False
Is -2 - (1914/(-3) + 2 - -3) a prime number?
True
Suppose 101 - 25 = 4*q. Is q prime?
True
Suppose o + 4*t = -4*o + 1579, 0 = 4*o + 2*t - 1268. Is o a prime number?
False
Suppose 2*x - 3*x = -596. Suppose 2*s = -2*s + x. Is s composite?
False
Let j be ((-2)/(-3))/((-18)/351). Let f = 70 - j. Is f composite?
False
Is (-22)/3*(-60)/8 a prime number?
False
Let y be (-6)/(-8) - (-56)/(-32). Let l(m) = -11*m**3 - 2*m**2 + 1. Let j be l(y). Is j - (0 - 0)/3 prime?
False
Suppose 2*x = -3*a + 9 + 124, -2*x - 4*a + 132 = 0. Suppose 0*o + x = 4*o. Let k = 29 + o. Is k a composite number?
True
Suppose f = -5, 0 = -2*l - 3*l + 5*f + 6205. Suppose -4*d + l = 432. Is d composite?
True
Let m = 7 - 13. Let c(g) be the third derivative of g**6/120 + g**5/10 - g**4/4 - 5*g**3/6 - 7*g**2. Is c(m) a composite number?
False
Let p(w) = -2*w**3 + w**2 + w. Let r be p(-2). Suppose -428 + r = -5*u. Suppose -5*f - u = -207. Is f a composite number?
True
Suppose -4*j - 37 = m, 2*j + 5*m - 22 = 5*j. Is (-475)/j + 6/27 composite?
False
Let x = -4 - -4. Suppose 2*g + 3*i = 7*i + 66, x = 4*g + 4*i - 120. Is g a prime number?
True
Let y(c) = c. Let b be y(0). Suppose f - 13 - 146 = b. Let m = -48 + f. Is m a prime number?
False
Is -15 + 18 - (-48 + 0) a composite number?
True
Let u(r) = 62*r. Let t be u(1). Suppose 4*c - t - 14 = 0. Is c composite?
False
Let q = 666 + -962. Let n = -293 + 184. Let s = n - q. Is s prime?
False
Let h(m) = m - 1. Let j be h(4). Suppose -8*k = -j*k. Suppose 4*v + 131 - 343 = k. Is v a prime number?
True
Let u(n) = 61*n - 5 - n**3 - n**3 - 55*n + 3*n**3 - 7*n**2. Let o(t) = t**3 + t + 7. Let y be o(0). Is u(y) composite?
False
Let m be 2 + -4*1 + 4. Suppose 5*y - 531 = -m*k, -k - 4*k - y + 1316 = 0. Let h = -118 + k. Is h composite?
True
Is (-2)/((-20)/55895)*(3 - 1) a prime number?
False
Suppose -4*z + 5 = 1. Is (133 + z)*(-10)/(-20) prime?
True
Suppose -4*p - r + 11 = 0, p - r + 1 = -0*p. Suppose 46 = p*j + a, 72 = 2*j + j + 3*a. Is j composite?
True
Let x(q) = q**3 - 8*q**2 + 10*q + 9. Is x(8) composite?
False
Let n(j) = -1260*j + 2. Is n(-1) a composite number?
True
Suppose -8*h = -3*h - 10. Suppose o + 610 = 3*k, -2*k = h*o - 402 - 2. Is k a prime number?
False
Let k(r) = -568*r**2. Let x be k(1). Let t(a) = 2*a**3 + a**2. Let j be t(1). Is x/(-6) + j/9 a composite number?
True
Let c = 11 + -15. Let w be (3/2)/((-6)/(-56)). Let s = c + w. Is s a prime number?
False
Let j(w) = 4*w + 17. Is j(15) prime?
False
Let u(b) = -b**3 - b - 6. Let c be u(0). Let l(f) = 2*f - 20. Let z be l(9). Is c*21/18*z a prime number?
False
Suppose v + 4*v - 25 = 0. Suppose -v*n - a + 383 = 2*a, n + 2*a = 71. Is n a prime number?
True
Suppose 3*h + 1 = 2*c - 10, -5*h - 17 = -4*c. Let v(z) = -40*z**3 + 2*z**2 + 1. Is v(c) a composite number?
True
Is 126 - (2 + (-1 - 2)) composite?
False
Let n be (-1 - (-27)/21)*7. Let r be n - 2 - -1 - -3. Suppose -4*g - r = -2*k + 342, -g = -3*k + 504. Is k composite?
False
Let n(y) = 67*y**3 - y + 1. Let h(s) = -s**2 + 5*s + 7. Let v be h(6). Is n(v) a composite number?
False
Let o(u) = -3*u**3 - 2*u**2 + 2*u - 4. Let c be ((-1)/(-1))/((-5)/15). Is o(c) composite?
False
Suppose -s + 548 + 519 = 0. Is s a prime number?
False
Let p = 599 + -418. Let f = p + 30. Is f a composite number?
False
Let p = -5 + 11. Is (-1)/(-2) - (-123)/p prime?
False
Suppose 8*a - 668 = 380. Is a prime?
True
Suppose -5 + 7 = q. Is q/4*8932/14 prime?
False
Let x = 2416 + -1552. Let u be x/2 - (3 + -5). Is u/4 - (-4)/8 a prime number?
True
Suppose -2*c = -5*p + 4*p + 351, 3*c + 15 = 0. Is p a composite number?
True
Let d(f) = -55*f**3 - 3*f + 3. Is d(-2) composite?
False
Is -8 + (-190)/(-2) - (-3 - -1) composite?
False
Suppose 6*w = w. Suppose 2*y + w*y = 8. Suppose 2*v = v + y. Is v composite?
True
Let x(u) = -2*u**3 + 4*u**2 + 4*u + 2. Let q be x(-3). Suppose 6*i + 4*c - 40 = 2*i, 4*i - 4*c = q. Is i composite?
True
Let p = -7078 - -11205. Is p a composite number?
False
Suppose 3*y - 211 = -k, 5*k - 6*k = 2. Is y composite?
False
Suppose -3*u = -2*u - 6. Let v(i) = i**2 - 7*i - 2. Let o be v(u). Is (380/o)/(1/(-2)) composite?
True
Let b be (-4)/3*(-3 + 0). Let u be (6/(-4))/((-3)/b). Is (-4 - -3)/(u/(-166)) prime?
True
Let m(b) = -b**3 + 7*b**2 + 4*b + 7. Suppose 5 = -l - 2*o - 0, -4*o = 3*l + 13. Let a(c) = 2*c**2 + 4*c + 1. Let q be a(l). Is m(q) composite?
True
Let m(z) = -7*z + 1. Let x be m(-2). Is (-190)/(-4) - x/10 a composite number?
True
Let r be 4/(-18) - (-47)/9. Let z(y) = y**2 + 4*y - 6. Let d be z(r). Suppose d = a + 2. Is a a composite number?
False
Suppose 5*n = -0*n. Is n/1 - (-7)/1 a composite number?
False
Suppose -4*w - 4544 = -4*y, 0*w - 2263 = -2*y - w. Is y a composite number?
True
Suppose -1 - 7 = -4*l. Suppose l*s = -0*s. Suppose s = 4*y - 9 - 51. Is y a prime number?
False
Let f = 243 + -146. Is f a composite number?
False
Let x(q) = -7*q**2 + 3 - 6*q + q**3 + 10*q**2 - 6*q**2. Is x(5) composite?
False
Suppose 8*r = -3*r + 7601. Is r prime?
True
Let v(g) = -3*g. Let u(a) = 10*a + 1. Let n(t) = -6*u(t) - 21*v(t). Let j be n(4). Suppose -2*f + j*f - 76 = 0. Is f a composite number?
False
Let u(p) = 123*p + 13. Is u(10) a prime number?
False
Let j be (2 - 0) + (-3 - -4). Let q = j - 3. Suppose 0*n - n + 5*r + 39 = q, 2*r = -4*n + 68. Is n a prime number?
True
Suppose -3*t - 2*t + 3063 = -2*n, 3*t + 5*n - 1844 = 0. Is t composite?
False
Let k = 9166 + -4761. Is k a composite number?
True
Suppose -108 = -5*r + 3*h + 102, -3*h = 15. Suppose -99 = -3*o + r. Is o composite?
True
Suppose 0 = -f + 2 - 0. Let l be 1/((-1)/(-58)) - f. Let y = 87 - l. Is y prime?
True
Suppose -2179 = -4*y + 5*c, 1245 + 913 = 4*y + 2*c. Is y composite?
False
Suppose 23000 = 5*p - 6*i + i, 2*p - 5*i = 9215. Is (p/(-15))/((-3)/9) composite?
False
Suppose 9 = -3*b - 42. Let u = -10 - b. Is u composite?
False
Suppose -5*u - 3*x = 2*x + 15, 5*x = -4*u - 12. Let h(o) = -31*o + 2. Is h(u) prime?
False
Let h = 14 + -10. Suppose -3*b - 2*c = -633, -2*b - 844 = -6*b - h*c. Is b a composite number?
False
Suppose 0 = -s + 5*s - 12. Suppose 5*x = w - 35, -5*x + w - 6*w - 5 = 0. Is s/x - 134/(-4) a composite number?
True
Let y(w) = 0*w + 3*w + 5 + 5*w**2 - 2. Let v be (-3)/12 + 22/(-8). Is y(v) composite?
True
Let f = -27 + 18. Let s(d) = 8*d**2 + 10*d + 8. Let q(n) = -17*n**2 - 20*n - 17. Let t(z) = 6*q(z) + 13*s(z). Is t(f) prime?
False
Let w = -6 + 9. Suppose 4*d = -q + 24, -3*q - d = -5*q + 3. Suppose a + a = q*g + 10, w*a + g - 43 = 0. Is a composite?
False
Suppose -2*q + 1096 = -886. Is q prime?
True
Suppose 2*v - 5 = j - 17, j - 5*v - 27 = 0. Let y(f) = 5*f**2 - 5*f + 3*f**3 + 5 - 5*f**j - 5*f**2. Is y(4) prime?
True
Let f = 36 - 10. Suppose -3*r + 5 + 1 = 0. Suppose r*d - f = d. Is d composite?
True
Let b(c) = -c**3 + 16*c**2 - 7*c + 19. Is b(15) composite?
False
Suppose -2759 = -5*v + 3*s - 237, 1522 = 3*v - 4*s. Is v a composite number?
True
Let x = -11 - -18. Suppose -2*d + 5*u = -x*d + 330, 201 = 3*d + 2*u. Is d prime?
False
Let p = 2220 - -537. Is p prime?
False
Suppose -r + 5*r = 16. Suppose -3*h - 264 = -r*h. Suppose 3*m = 3*u + 93 - h, -m - 216 = -4*u. Is u a composite number?
False
Let a = -1004 - -2143. Suppose 2*n + 85 = a. Is n composite?
True
Let v be 0 + 5 + (-6)/2. Suppose 41 = 3*h - 3*r - 13, -h + 15 = -v*r. Let t = h - -16. Is t a prime number?
True
Suppose -r = -0 - 1, 0 = -4*g - 2*r + 1278. Is g prime?
False
Let m(c) = -906*c - 11. Is m(-2) a prime number?
True
Is 416/8 - 1*-3 composite?
True
Let c(i) = -i**3 - 15*i**2 - 21*i + 6. Let a be c(-14). Let v = -5 - -9. Suppose 0 = -4*o + 2*o - h + a, -v*o + 222 = -5*h. Is o composite?
False
Let m(z) be the third derivative of z**5/60 + z**4/24 + z**3/6 - 2*z**2. Is m(10) prime?
False
Suppose -2*o - 2*o = 2*y - 16, 12 = 5*y + 3*o. Suppose y*r = -4*r. Suppose r = -2*x + 5 + 7. Is x a composite number?
True
Suppose 2*n = -250 + 1208. Let p = n + -268. Is p composite?
False
Suppose -3*z - 45 = z - 5*g, 4*z - 3*g + 35 = 0. Let s be (5 - -1)/(1/z). Let u = -16 - s. Is u prime?
False
Let w(r) = 12*r**2 + 1. Is w(-1) prime?
True
Suppose 3*p + 2*p - 385 = 0. Is p composite?